lse
Does 87 divide 2958?
True
Is 24 a factor of 55272?
True
Does 3 divide 23745?
True
Does 108 divide 10742?
False
Does 22 divide 88815?
False
Is 15 a factor of 1294?
False
Is 20 a factor of 7180?
True
Does 63 divide 504?
True
Does 18 divide 6388?
False
Does 12 divide 1461?
False
Is 24 a multiple of 4?
True
Is 104 a multiple of 13?
True
Is 29 a factor of 62002?
True
Is 609 a multiple of 38?
False
Is 45 a factor of 114?
False
Is 21294 a multiple of 63?
True
Is 118 a factor of 9440?
True
Does 24 divide 20256?
True
Is 25 a factor of 508?
False
Does 19 divide 627?
True
Does 12 divide 122?
False
Does 14 divide 5975?
False
Is 1395 a multiple of 31?
True
Is 200 a multiple of 8?
True
Does 52 divide 43963?
False
Does 2 divide 210?
True
Is 55 a factor of 27962?
False
Is 16033 a multiple of 25?
False
Is 93 a factor of 27312?
False
Does 12 divide 9576?
True
Is 56 a factor of 701?
False
Is 15490 a multiple of 10?
True
Does 29 divide 5162?
True
Is 20 a factor of 1700?
True
Is 546 a multiple of 42?
True
Is 19 a factor of 16872?
True
Is 1289 a multiple of 6?
False
Is 27 a factor of 8910?
True
Is 247 a multiple of 7?
False
Is 1470 a multiple of 6?
True
Is 35 a factor of 2695?
True
Is 765 a multiple of 15?
True
Is 987 a multiple of 6?
False
Does 80 divide 12000?
True
Is 192 a factor of 749?
False
Does 2 divide 576?
True
Does 10 divide 16970?
True
Is 258 a multiple of 11?
False
Is 8 a factor of 4608?
True
Is 10 a factor of 15880?
True
Is 6600 a multiple of 15?
True
Does 42 divide 8232?
True
Does 107 divide 2978?
False
Does 37 divide 1195?
False
Is 4486 a multiple of 12?
False
Does 4 divide 195?
False
Is 7173 a multiple of 48?
False
Does 18 divide 954?
True
Is 16 a multiple of 4?
True
Is 280 a multiple of 20?
True
Does 35 divide 18886?
False
Is 18821 a multiple of 10?
False
Is 42 a factor of 420?
True
Is 7 a factor of 91?
True
Is 75217 a multiple of 15?
False
Is 18 a factor of 9900?
True
Does 18 divide 720?
True
Is 64 a factor of 11520?
True
Is 19621 a multiple of 11?
False
Does 3 divide 174?
True
Is 34 a factor of 3400?
True
Does 12 divide 358?
False
Is 1977 a multiple of 2?
False
Does 87 divide 1131?
True
Is 235 a factor of 17390?
True
Does 10 divide 270?
True
Is 588 a multiple of 19?
False
Is 12 a factor of 26592?
True
Is 16 a factor of 352?
True
Does 2 divide 8025?
False
Does 6 divide 4810?
False
Is 909 a multiple of 17?
False
Is 1660 a multiple of 83?
True
Does 47 divide 564?
True
Is 453 a multiple of 151?
True
Does 6 divide 5530?
False
Is 33 a factor of 667?
False
Does 22 divide 4794?
False
Does 91 divide 5113?
False
Does 13 divide 3217?
False
Does 16 divide 128?
True
Does 9 divide 2518?
False
Is 7056 a multiple of 42?
True
Does 49 divide 9440?
False
Is 3 a factor of 7702?
False
Is 13 a factor of 5850?
True
Does 17 divide 174?
False
Does 4 divide 3024?
True
Is 25 a factor of 2047?
False
Does 55 divide 1036?
False
Is 107280 a multiple of 24?
True
Is 10 a factor of 1420?
True
Does 6 divide 96?
True
Is 13248 a multiple of 32?
True
Does 5 divide 1080?
True
Is 493 a multiple of 5?
False
Is 515 a multiple of 45?
False
Does 2 divide 234?
True
Does 5 divide 32480?
True
Does 9 divide 2784?
False
Is 2050 a multiple of 5?
True
Is 8758 a multiple of 4?
False
Is 10107 a multiple of 9?
True
Is 1298 a multiple of 22?
True
Is 50 a factor of 3400?
True
Is 850 a multiple of 62?
False
Is 26 a factor of 4498?
True
Does 48 divide 120?
False
Is 704 a multiple of 19?
False
Is 18 a factor of 83322?
True
Is 96 a factor of 42157?
False
Is 195 a factor of 40560?
True
Does 12 divide 1217?
False
Does 5 divide 162?
False
Is 11348 a multiple of 10?
False
Is 11033 a multiple of 17?
True
Is 14 a factor of 19851?
False
Is 51 a factor of 3009?
True
Is 18 a factor of 56338?
False
Is 27 a factor of 13122?
True
Is 40 a multiple of 10?
True
Is 58 a factor of 21228?
True
Is 11 a factor of 29623?
True
Is 26 a factor of 841?
False
Is 19 a factor of 2330?
False
Does 10 divide 1747?
False
Is 4 a factor of 395?
False
Is 8460 a multiple of 18?
True
Is 70 a factor of 835?
False
Does 56 divide 5529?
False
Is 6 a factor of 1182?
True
Is 5699 a multiple of 19?
False
Is 19346 a multiple of 4?
False
Does 18 divide 3294?
True
Is 13 a factor of 1081?
False
Does 11 divide 52085?
True
Is 10700 a multiple of 161?
False
Does 3 divide 275?
False
Is 372 a multiple of 31?
True
Is 17 a factor of 10546?
False
Is 41 a factor of 2214?
True
Is 24 a factor of 136?
False
Is 10 a factor of 23190?
True
Does 8 divide 2612?
False
Is 19 a factor of 16172?
False
Is 43 a factor of 2202?
False
Does 33 divide 660?
True
Is 4 a factor of 298?
False
Does 356 divide 68853?
False
Does 4 divide 308?
True
Is 585 a multiple of 9?
True
Is 124 a multiple of 2?
True
Does 17 divide 6980?
False
Does 16 divide 238?
False
Is 924 a multiple of 21?
True
Is 13745 a multiple of 12?
False
Is 3507 a multiple of 3?
True
Is 63 a factor of 20327?
False
Does 12 divide 4205?
False
Is 79 a factor of 632?
True
Does 19 divide 24134?
False
Is 191 a multiple of 6?
False
Does 75 divide 17256?
False
Is 2028 a multiple of 9?
False
Is 25 a factor of 625?
True
Is 11 a factor of 90?
False
Is 2 a factor of 14242?
True
Does 30 divide 6578?
False
Does 3 divide 233?
False
Is 4 a factor of 326?
False
Does 12 divide 474?
False
Is 15 a factor of 3375?
True
Does 22 divide 4840?
True
Is 27 a factor of 6961?
False
Is 2046 a multiple of 45?
False
Does 8 divide 54886?
False
Is 20 a factor of 1380?
True
Is 12 a factor of 5517?
False
Is 30 a factor of 10860?
True
Is 64 a factor of 7104?
True
Is 118 a multiple of 2?
True
Does 7 divide 371?
True
Is 714 a multiple of 42?
True
Is 3 a factor of 229?
False
Is 28 a factor of 936?
False
Does 8 divide 312?
True
Does 5 divide 14002?
False
Is 64449 a multiple of 31?
True
Is 8 a factor of 448?
True
Does 4 divide 2730?
False
Does 7 divide 1402?
False
Is 1150 a multiple of 26?
False
Is 166 a factor of 498?
True
Is 77 a factor of 12166?
True
Is 18 a factor of 9053?
False
Is 90 a multiple of 45?
True
Is 145 a multiple of 7?
False
Does 39 divide 15805?
False
Is 1750 a multiple of 50?
True
Does 48 divide 2160?
True
Is 3028 a multiple of 8?
False
Is 88103 a multiple of 19?
True
Does 17 divide 28917?
True
Is 8 a factor of 887?
False
Is 213 a factor of 24848?
False
Is 15 a factor of 244?
False
Is 61206 a multiple of 101?
True
Is 34522 a multiple of 8?
False
Is 13081 a multiple of 127?
True
Does 2 divide 759?
False
Does 35 divide 2485?
True
Is 20 a factor of 2107?
False
Is 77137 a multiple of 16?
False
Is 1029 a multiple of 21?
True
Does 81 divide 14578?
False
Does 56 divide 8680?
True
Is 13 a factor of 72?
False
Does 69 divide 2707?
False
Is 7180 a multiple of 188?
False
Is 17 a factor of 1071?
True
Is 279 a multiple of 16?
False
Does 2 divide 198?
True
Is 40 a factor of 9654?
False
Is 6683 a multiple of 23?
False
Is 4 a factor of 6184?
True
Is 366 a factor of 58918?
False
Does 100 divide 29553?
False
Does 12 divide 235?
False
Does 103 divide 925?
False
Does 113 divide 5311?
True
Is 529 a multiple of 12?
False
Is 620 a multiple of 105?
False
Does 14 divide 2115?
False
Is 1865 a multiple of 13?
False
Is 51145 a multiple of 194?
False
Is 12659 a multiple of 52?
False
Does 94 divide 439?
False
Is 141 a factor of 6627?
True
Does 5 divide 880?
True
Is 18 a factor of 558?
True
Does 8 divide 372?
False
Does 38 divide 8617?
False
Is 9960 a multiple of 83?
True
Does 75 divide 69114?
False
Does 72 divide 576?
True
Is 57 a factor of 6821?
False
Does 57 divide 9633?
True
Is 6 a factor of 3256?
False
Does 4 divide 746?
False
Is 67 a factor of 3149?
True
Is 313 a multiple of 17?
False
Is 137 a factor of 13974?
True
Does 82 divide 1312?
True
Is 94 a factor of 37882?
True
Is 14 a factor of 910?
True
Is 359 a multiple of 10?
False
Is 1431 a multiple of 17?
False
Is 19800 a multiple of 225?
True
Is 34564 a multiple of 20?
False
Does 60 divide 254?
False
Does 35 divide 1902?
False
Is 4 a factor of 24476?
True
Is 563 a multiple of 44?
False
Does 78 divide 2779?
False
Does 38 divide 2736?
True
Does 339 divide 59545?
False
Is 46493 a multiple of 307?
False
Does 53 divide 3124?
False
Is 89 a factor of 89?
True
Is 18 a factor of 24325?
False
Is 96278 a multiple of 299?
True
Is 3880 a multiple of 97?
True
Does 19 divide 1748?
True
Is 492 a multiple of 17?
False
Is 206 a fa